u(p) = 2 - p + p**2 - 12 + 6. Let n be u(0). Is 11832/56 + n/14 composite?
False
Suppose 0*p - 10*p + 167530 = 0. Is p a composite number?
True
Suppose -62*l = -57*l + 20. Is l/14 - ((-99258)/42 + 6) prime?
True
Suppose 30*h = -3*h + 390357. Is h prime?
False
Suppose -6*u = -5*u. Suppose u = g + 53 + 5. Is 1*3 + (-2 - g) a prime number?
True
Let l be 1 + 12/(-4) - -1. Let o be -6 + 928 - (-2 + l). Suppose -6*f + f = -o. Is f a prime number?
False
Let x(j) = j**3 - 16*j**2 - 20*j - 15. Let t be x(17). Is -3*(-4)/t - 61393/(-11) composite?
False
Let s = -9752 - -18885. Is s a prime number?
True
Let g(q) = -q**2 - 2*q + 16. Let h be (2/8)/(13/260). Let c(v) = 2*v**2 + 5*v - 31. Let a(w) = h*g(w) + 3*c(w). Is a(14) prime?
False
Suppose -4*x - 51 = -607. Is x prime?
True
Suppose -2*t = -84 - 1744. Suppose 0 = -3*s + t + 649. Is s composite?
False
Suppose -3*g = -7*g + 44. Suppose -2*p + g*u + 35431 = 10*u, -17723 = -p - 2*u. Is p composite?
True
Let q = -242 - -342. Suppose -4*g + q = -144. Let f = g - -6. Is f prime?
True
Let y = -392 - -949. Is y composite?
False
Is (-2)/(-15) + 177749788/1140 composite?
False
Let r = 140 - 137. Suppose 0 = 7*m + r*m - 20530. Is m a composite number?
False
Suppose -3*r - 2*y = -4 + 15, -4*y = 4. Let i be -2 + 4*r/(-6). Suppose i = -s + 8 - 1. Is s a prime number?
True
Let l(n) be the third derivative of -n**6/120 - n**5/5 - n**4/6 + 2*n**2. Is l(-13) a prime number?
False
Suppose -11*z + 2*j - 2082 = -15*z, -5*j - 5 = 0. Is z prime?
True
Suppose 2*y - 4*j = -j + 6775, -3*y = -5*j - 10164. Suppose f + y = 5*x, -3*x - 4*f + 1702 = -337. Is x a composite number?
False
Suppose 11*c = 14*c - 609. Is c a prime number?
False
Let v = 6607 - 4467. Let a = v - 675. Is a a composite number?
True
Is 1162/2 - 0/3 a composite number?
True
Let t be 3*49*4/(-6). Let w be (-1)/((-292)/t + -3). Suppose -c = -286 - w. Is c a prime number?
False
Let m(g) = 272*g**2 + 5. Let o be m(-2). Suppose b - 205 = -s + 5*b, 3*b = 5*s - o. Is s composite?
True
Let q(t) = -2*t**2 - 22*t - 5. Let a be q(-10). Is (-12)/a + (-2196)/(-20) composite?
False
Let v(z) = z**3 + 14*z**2 - 4*z - 15. Let p = 19 - 22. Let s(k) = -k**3 - 13*k**2 + 5*k + 15. Let l(f) = p*s(f) - 2*v(f). Is l(-10) a composite number?
True
Suppose 12*d - 16*d + 42748 = -4*c, -42748 = -4*d - c. Is d a prime number?
True
Let q(o) = 8*o - 3. Let b be q(4). Let v = b - 41. Let d(k) = k**3 + 11*k**2 - 16*k - 1. Is d(v) a prime number?
True
Let m(p) = 4*p**3 - 68*p**2 + 25*p + 23. Is m(20) prime?
True
Suppose 4*g = g + 12. Suppose g*n - 2*n = 4, -i = -n - 72. Is i composite?
True
Let o(v) = 49*v**3 - 2*v**2 + 10*v - 2. Is o(4) a composite number?
True
Suppose 15*n - 141453 = 11*n + 3*a, 3*n = 2*a + 106091. Is n a composite number?
True
Suppose 0 = 2*n - 12 + 8. Is -831*((-8)/3 + n) a prime number?
False
Let h = 423 - -278. Is h composite?
False
Let f(d) = -d**2 - 44*d - 61. Is f(-24) a composite number?
False
Let b be -2 + 35/(0 - -5). Suppose i = -i + k + 1365, b*i + k - 3430 = 0. Is i prime?
False
Suppose v + 12*p - 5045 = 11*p, 4*v - 2*p = 20180. Is v prime?
False
Let y(q) = -118*q**3 + 10*q**2 + 9*q + 14. Is y(-3) prime?
False
Suppose 4*v + 30 = 5*y, -y - 2*v - 3 = -v. Suppose -y*f - 97 = 4*z - 2011, 4*z = -f + 1915. Is z a prime number?
True
Suppose 272 + 19 = 3*v. Is v composite?
False
Let k = -11 + 15. Suppose 3*h + k = h. Is (6/h)/(3/(-97)) a prime number?
True
Suppose -13091 = -2*r + 13163. Is r a composite number?
False
Let z(p) = 263*p**2 + 7*p + 130. Is z(-12) prime?
False
Let a = 2470 - 51. Is a a prime number?
False
Suppose 3*l = 9, -6*s + 2*s - 5*l = -248491. Is s prime?
True
Is 558945/36 - (45/20)/(-3) a composite number?
False
Suppose 4*f = -3*y + 14595, f + 24317 = 5*y + 5*f. Is y composite?
False
Let x be 3/(-3)*3/(-3). Is ((-10965)/3)/(-5)*x prime?
False
Let g(y) = -542*y**2 + y - 2. Let a be g(-3). Let n = -3238 - a. Suppose 1621 = 4*r + 2*b + 305, -5*r + n = -2*b. Is r a composite number?
True
Let k = -2 + 5. Let l be (4 - -61) + (k - 2). Suppose -f + 47 = -3*g, -g = -4*f + 276 - l. Is f a composite number?
False
Suppose 6*g - 48*g = -6594. Is g a prime number?
True
Suppose 3*p = -4*v - 45, 0*v + 2*v = -4*p - 20. Let q(s) = -s**2 - 24*s - 3. Is q(v) prime?
False
Suppose -83*h = -4945130 + 1131363. Is h composite?
False
Let f(i) = -103*i + 35. Is f(-6) composite?
False
Let b(n) = n**3 + 15*n**2 - 16*n - 31. Is b(13) a composite number?
False
Suppose -8*u = -130782 - 197690. Is u composite?
True
Let c be 64/6*444/4. Let n = -561 + c. Is n a composite number?
True
Suppose -2*k + 990 = k. Suppose 2*d - 92 = k. Is d composite?
False
Suppose -x = 4*x + 175. Suppose 2*z - 2*p = p - 7, 3 = -3*z - 3*p. Let t = z - x. Is t prime?
False
Suppose -3*h = -2*h - 3. Let j(x) = 84*x**2 + 3*x + 2. Let s be j(h). Suppose s = 4*z - 1581. Is z a composite number?
False
Let n = 287 + 33. Suppose -3050 = -10*j + n. Is j prime?
True
Suppose -g - g = 10, 0 = 2*h + 3*g + 11. Suppose h*x + 2*w = 68, -4*x + 2*w + 102 = -x. Is x a composite number?
True
Suppose -6*a + a = -4*g + 1944, a - 1439 = -3*g. Suppose -g = -2*k + 21. Is k a prime number?
True
Let h = 497 - 1051. Is (h/4 + 0)/((-21)/294) a prime number?
False
Let j(g) = 4*g + 21. Let y be j(-6). Is (y/(-6))/(1*2/356) composite?
False
Let w = -4710 - -13019. Is w a composite number?
True
Suppose 56*p = 47*p + 26037. Is p a prime number?
False
Let c = 4 + -4. Suppose c = 3*m + 2*l + 1 - 5, m - 6 = -3*l. Suppose m*t - 5*v = -3*t + 138, 2*v = 6. Is t a prime number?
False
Let b(v) = 12*v**3 - 2*v**2 - 3*v - 4. Suppose -2 = -a, -p + 3*a = -0 + 6. Let c be (p + 1)/(6/18). Is b(c) prime?
True
Let k = 363 + 139. Suppose -4*r - 3*r = 0. Suppose 5*p - k - 763 = r. Is p a composite number?
True
Let k be (-780)/(-18) - 1/3. Let t(g) = 8*g + 4*g - k*g - 26*g. Is t(-1) a prime number?
False
Suppose 0*w = -3*w + 66. Suppose w = 3*v - 5*r, -3*v - 5*r + 23 + 9 = 0. Suppose -a = -2*a + v. Is a a composite number?
True
Is 2*-11409*(-28)/24 a composite number?
True
Suppose 10395 = g - 4*n + 3334, 4*g = -2*n + 28226. Is g composite?
False
Suppose -s + 3 = -1. Suppose -5*h = -5*f - 1185, -s*h + f + 1222 = 268. Suppose -143 = -2*m + h. Is m composite?
False
Suppose 0 = 3*n + 2156 + 3508. Is (n - -5)*2/(-2) composite?
True
Let z(h) = h**2 + 1. Let u be z(-1). Suppose u*n = -2*n - 20. Let g(o) = -o**3 - 2*o**2 - o + 3. Is g(n) a prime number?
True
Let m(u) = -u**3 + u**2 + 5*u + 14. Suppose 5*k + 0*p + 43 = p, 3*k + 4*p = -35. Is m(k) composite?
True
Let t(a) = 131*a**2 + 5*a - 13. Is t(-4) a prime number?
True
Is (-19724)/(-10) - 8/((-40)/3) a composite number?
False
Let n(l) = -2*l**2 - 2*l - 2. Let o be n(-2). Let b(s) = -s - 6. Let h be b(o). Let k(j) = j + 19. Is k(h) a composite number?
False
Let o(g) = -2*g - 2. Let c be o(-2). Let b be (c - 3)*1*-2. Is (-2 + 39)*(b + -1) prime?
True
Let n be 2/(-8) + (1 - (-65610)/8). Suppose q = -2*y - q + 8226, -2*y + 4*q = -n. Is y composite?
True
Let s = 77455 - 34064. Is s a composite number?
False
Suppose 3 - 18 = -5*g. Suppose -45 = -2*z - g*f, -3*f = z + 4*z - 117. Suppose 3*k - z = 33. Is k prime?
True
Suppose -6*k + 653 = -721. Let y = k - -153. Is y a composite number?
True
Let d be 4 + (3 + -6)*-1. Let t(p) = -p**3 + 6*p**2 + 12*p - 4. Is t(d) a prime number?
True
Let c(m) = 7*m**2 + 32*m + 14. Is c(-21) a composite number?
True
Let d be (-2)/(-15) - (-17256)/180. Let y be (d/(-10))/((-6)/40). Suppose -5*n + y + 101 = 0. Is n a composite number?
True
Let x = -40453 - -99396. Is x prime?
True
Let i = -102 + 69. Is ((-1060)/30)/(2/i) a prime number?
False
Let g(s) = -s**2 - 10*s + 3. Let t be g(-10). Suppose -4*a = -3*i - 7*a + 1572, -544 = -i + t*a. Is i prime?
False
Let k be (-8)/6 - (-30)/9. Suppose v - m - 2269 + 795 = 0, 0 = -k*v + 4*m + 2954. Is v a prime number?
True
Let p(s) = 2 + 0 - 2*s - 169*s. Is p(-7) prime?
False
Suppose 4*v = -695 + 8419. Suppose -6*j + v = -547. Is j a prime number?
False
Is 1843096/24 - (-5)/(45/(-6)) a prime number?
False
Suppose -3*c = 3*s - 48, 4*c + 34 = 2*s + s. Let b(z) = 62*z + 19. Is b(s) composite?
False
Suppose 4*t = 4*v + 48, -5*v = -6*t + 2*t + 48. Suppose -3*n - 3*d + t = -0*d, -5*n + 23 = 4*d. Is n prime?
True
Let x(w) = 414*w - 11. Let s be x(-2). Let a = 